{"id":1112,"date":"2019-11-29T07:30:00","date_gmt":"2019-11-29T06:30:00","guid":{"rendered":"podlove-2019-11-28t22:10:44+00:00-4be905bf8d94247"},"modified":"2019-11-28T23:50:04","modified_gmt":"2019-11-28T22:50:04","slug":"episode-52-votre-lettre-au-pere-noel","status":"publish","type":"podcast","link":"https:\/\/orianesavourelucas.com\/avezvouschoisi\/2019\/11\/29\/episode-52-votre-lettre-au-pere-noel\/","title":{"rendered":"\u00c9pisode 52 | Votre lettre au P\u00e8re No\u00ebl"},"content":{"rendered":"\n\t\t<script class=\"podigee-podcast-player\" src=\"\/\/cdn.podigee.com\/podcast-player\/javascripts\/podigee-podcast-player.js\" data-configuration=\"https:\/\/orianesavourelucas.com\/avezvouschoisi\/?podigee_player=141\"><\/script>\n\t\n\t\t\n<p><strong>Et si l&rsquo;\u00e9criture de la lettre au P\u00e8re No\u00ebl n&rsquo;\u00e9tait pas r\u00e9serv\u00e9e aux enfants ?<\/strong><\/p>\n<p>La lettre au P\u00e8re No\u00ebl, c&rsquo;est l&rsquo;occasion pour nous aussi, adultes, de mettre en mots nos envies, de leur donner forme sur le papier, m\u00eame si on ne sait pas si elles se manifesteront concr\u00e8tement ni sous quelle forme.<\/p>\n<p>Dans cet \u00e9pisode, je vous partage une exp\u00e9rience personnelle qui illustre l&rsquo;importance que j&rsquo;accorde \u00e0 la lettre au P\u00e8re No\u00ebl, je vous expose ma th\u00e9orie selon laquelle <strong>dans notre vie nous sommes \u00e0 la fois l&rsquo;enfant, le P\u00e8re No\u00ebl et le lutin<\/strong> et je vous propose <strong>un exercice pratique<\/strong> sous la forme d&rsquo;un <strong>calendrier de l&rsquo;Avent<\/strong>. Ho ! Ho ! Ho !<br \/><!--StartFragment--><\/p>\n\n\n<p>Si cet \u00e9pisode vous pla\u00eet et que vous voulez faire partie de cette aventure audio, je vous invite \u00e0 vous abonner \u00e0 la <a href=\"http:\/\/orianesavourelucas.com\/avezvouschoisi\/\">newsletter <\/a>de Avez-vous choisi ? afin d\u2019\u00eatre alert\u00e9.e d\u00e8s la publication d\u2019un nouvel \u00e9pisode.<\/p>\n\n\n\n<p> N\u2019h\u00e9sitez pas \u00e0 d\u00e9poser un avis sur le <a href=\"http:\/\/orianesavourelucas.com\/avezvouschoisi\/episodes\/\">site<\/a>, une constellation de 5 \u00e9toiles sur <a href=\"https:\/\/itunes.apple.com\/fr\/podcast\/avez-vous-choisi\/id1438200424?l=fr\" target=\"_blank\" rel=\"noopener\">ITunes<\/a> ou encore \u00e0 <strong>faire conna\u00eetre<em> Avez-vous choisi ?<\/em> \u00e0 celles et ceux qui vous sont chers et que l\u2019id\u00e9e de tout choisir dans leur vie pourrait r\u00e9jouir !<\/strong>  Bonne \u00e9coute !  <\/p>\n\n\n\n<p>Bonne \u00e9coute !  <\/p>\n\n\n\n<div class=\"wp-block-image\"><figure class=\"aligncenter size-large is-resized\"><img loading=\"lazy\" decoding=\"async\" src=\"http:\/\/orianesavourelucas.com\/avezvouschoisi\/wp-content\/uploads\/2019\/11\/episode522-1024x1024.jpg\" alt=\"Avez-vous choisi ? Votre lettre au P\u00e8re No\u00ebl (\u00e9pisode 52)\" class=\"wp-image-1116\" width=\"512\" height=\"512\" srcset=\"https:\/\/orianesavourelucas.com\/avezvouschoisi\/wp-content\/uploads\/2019\/11\/episode522-1024x1024.jpg 1024w, https:\/\/orianesavourelucas.com\/avezvouschoisi\/wp-content\/uploads\/2019\/11\/episode522-300x300.jpg 300w, https:\/\/orianesavourelucas.com\/avezvouschoisi\/wp-content\/uploads\/2019\/11\/episode522-150x150.jpg 150w, https:\/\/orianesavourelucas.com\/avezvouschoisi\/wp-content\/uploads\/2019\/11\/episode522-768x768.jpg 768w, https:\/\/orianesavourelucas.com\/avezvouschoisi\/wp-content\/uploads\/2019\/11\/episode522.jpg 1200w\" sizes=\"auto, (max-width: 512px) 100vw, 512px\" \/><figcaption>Avez-vous choisi ? Votre lettre au P\u00e8re No\u00ebl (\u00e9pisode 52)<\/figcaption><\/figure><\/div>\n\t\t\t\t\n\t\t\t<div class=\"podlove_cc_license\">\n    <p>\n\t\t\t\t-\n\t\t\t\t<\/p>\t\t\t\n\t\t\t<p>\n\t\t\t\tLes \u00e9pisodes du podcast sont mis \u00e0 disposition selon les termes de la Licence suivante :\n\t\t\t\t<\/p>\n\t\t\t\t<p>\n\t\t\t\t<a rel=\"license noopener\" href=\"http:\/\/creativecommons.org\/licenses\/by-nc-nd\/4.0\" target=\"_blank\">Creative Commons Attribution - Pas d'Utilisation Commerciale - Pas de Modification 4.0 International.<\/a>\n\t\t\t<\/p>\n\t\t<\/div>\n\t","protected":false},"author":3,"featured_media":1116,"comment_status":"open","ping_status":"open","template":"","meta":{"footnotes":""},"tags":[],"class_list":["post-1112","podcast","type-podcast","status-publish","has-post-thumbnail","hentry","post"],"_links":{"self":[{"href":"https:\/\/orianesavourelucas.com\/avezvouschoisi\/wp-json\/wp\/v2\/episodes\/1112","targetHints":{"allow":["GET"]}}],"collection":[{"href":"https:\/\/orianesavourelucas.com\/avezvouschoisi\/wp-json\/wp\/v2\/episodes"}],"about":[{"href":"https:\/\/orianesavourelucas.com\/avezvouschoisi\/wp-json\/wp\/v2\/types\/podcast"}],"author":[{"embeddable":true,"href":"https:\/\/orianesavourelucas.com\/avezvouschoisi\/wp-json\/wp\/v2\/users\/3"}],"replies":[{"embeddable":true,"href":"https:\/\/orianesavourelucas.com\/avezvouschoisi\/wp-json\/wp\/v2\/comments?post=1112"}],"version-history":[{"count":4,"href":"https:\/\/orianesavourelucas.com\/avezvouschoisi\/wp-json\/wp\/v2\/episodes\/1112\/revisions"}],"predecessor-version":[{"id":1119,"href":"https:\/\/orianesavourelucas.com\/avezvouschoisi\/wp-json\/wp\/v2\/episodes\/1112\/revisions\/1119"}],"wp:featuredmedia":[{"embeddable":true,"href":"https:\/\/orianesavourelucas.com\/avezvouschoisi\/wp-json\/wp\/v2\/media\/1116"}],"wp:attachment":[{"href":"https:\/\/orianesavourelucas.com\/avezvouschoisi\/wp-json\/wp\/v2\/media?parent=1112"}],"wp:term":[{"taxonomy":"post_tag","embeddable":true,"href":"https:\/\/orianesavourelucas.com\/avezvouschoisi\/wp-json\/wp\/v2\/tags?post=1112"}],"curies":[{"name":"wp","href":"https:\/\/api.w.org\/{rel}","templated":true}]}}

Épisode 52 | Votre lettre au Père Noël

<script class="podigee-podcast-player" src="//cdn.podigee.com/podcast-player/javascripts/podigee-podcast-player.js" data-configuration="https://orianesavourelucas.com/avezvouschoisi/?podigee_player=141"></script>
	
		
<p><strong>Et si l&rsquo;écriture de la lettre au Père Noël n&rsquo;était pas réservée aux enfants ?</strong></p>
<p>La lettre au Père Noël, c&rsquo;est l&rsquo;occasion pour nous aussi, adultes, de mettre en mots nos envies, de leur donner forme sur le papier, même si on ne sait pas si elles se manifesteront concrètement ni sous quelle forme.</p>
<p>Dans cet épisode, je vous partage une expérience personnelle qui illustre l&rsquo;importance que j&rsquo;accorde à la lettre au Père Noël, je vous expose ma théorie selon laquelle <strong>dans notre vie nous sommes à la fois l&rsquo;enfant, le Père Noël et le lutin</strong> et je vous propose <strong>un exercice pratique</strong> sous la forme d&rsquo;un <strong>calendrier de l&rsquo;Avent</strong>. Ho ! Ho ! Ho !<br /><!--StartFragment--></p>


<p>Si cet épisode vous plaît et que vous voulez faire partie de cette aventure audio, je vous invite à vous abonner à la <a href="http://orianesavourelucas.com/avezvouschoisi/">newsletter </a>de Avez-vous choisi ? afin d’être alerté.e dès la publication d’un nouvel épisode.</p>



<p> N’hésitez pas à déposer un avis sur le <a href="http://orianesavourelucas.com/avezvouschoisi/episodes/">site</a>, une constellation de 5 étoiles sur <a href="https://itunes.apple.com/fr/podcast/avez-vous-choisi/id1438200424?l=fr" target="_blank" rel="noopener">ITunes</a> ou encore à <strong>faire connaître<em> Avez-vous choisi ?</em> à celles et ceux qui vous sont chers et que l’idée de tout choisir dans leur vie pourrait réjouir !</strong>  Bonne écoute !  </p>



<p>Bonne écoute !  </p>



<div class="wp-block-image"><figure class="aligncenter size-large is-resized"><img loading="lazy" decoding="async" src="http://orianesavourelucas.com/avezvouschoisi/wp-content/uploads/2019/11/episode522-1024x1024.jpg" alt="Avez-vous choisi ? Votre lettre au Père Noël (épisode 52)" class="wp-image-1116" width="512" height="512" srcset="https://orianesavourelucas.com/avezvouschoisi/wp-content/uploads/2019/11/episode522-1024x1024.jpg 1024w, https://orianesavourelucas.com/avezvouschoisi/wp-content/uploads/2019/11/episode522-300x300.jpg 300w, https://orianesavourelucas.com/avezvouschoisi/wp-content/uploads/2019/11/episode522-150x150.jpg 150w, https://orianesavourelucas.com/avezvouschoisi/wp-content/uploads/2019/11/episode522-768x768.jpg 768w, https://orianesavourelucas.com/avezvouschoisi/wp-content/uploads/2019/11/episode522.jpg 1200w" sizes="auto, (max-width: 512px) 100vw, 512px" /><figcaption>Avez-vous choisi ? Votre lettre au Père Noël (épisode 52)</figcaption></figure></div>
				
			<div class="podlove_cc_license">
    <p>
				-
				</p>			
			<p>
				Les épisodes du podcast sont mis à disposition selon les termes de la Licence suivante :
				</p>
				<p>
				<a rel="license noopener" href="http://creativecommons.org/licenses/by-nc-nd/4.0" target="_blank">Creative Commons Attribution - Pas d'Utilisation Commerciale - Pas de Modification 4.0 International.</a>
			</p>
		</div>
