{"id":1500,"date":"2020-05-01T07:30:00","date_gmt":"2020-05-01T05:30:00","guid":{"rendered":"podlove-2020-04-30t20:48:25+00:00-7da7b3f60c18155"},"modified":"2020-06-24T22:32:03","modified_gmt":"2020-06-24T20:32:03","slug":"episode-72-conversation-avec-christophe-bichet-choisir-de-saccrocher-a-lessentiel","status":"publish","type":"podcast","link":"https:\/\/orianesavourelucas.com\/avezvouschoisi\/2020\/05\/01\/episode-72-conversation-avec-christophe-bichet-choisir-de-saccrocher-a-lessentiel\/","title":{"rendered":"Episode 72 | Conversation avec Christophe Bichet | Choisir de s\u2019accrocher \u00e0 l\u2019essentiel"},"content":{"rendered":"\n\t\t<script class=\"podigee-podcast-player\" src=\"\/\/cdn.podigee.com\/podcast-player\/javascripts\/podigee-podcast-player.js\" data-configuration=\"https:\/\/orianesavourelucas.com\/avezvouschoisi\/?podigee_player=162\"><\/script>\n\t\n\t\t\n\n<p>Dans cet \u00e9pisode, je vous propose une conversation avec <strong>Christophe Bichet<\/strong>, conf\u00e9rencier, coach de vie, et hypnoth\u00e9rapeute. Avant d\u2019exercer ces activit\u00e9s, Christophe a \u00e9t\u00e9 grimpeur professionnel et enseignant-formateur pendant quinze ans au niveau international.<\/p>\n\n\n\n<p>Christophe, <strong>ce trentenaire souriant qui a d\u00e9j\u00e0 eu plusieurs vies et qui croque la vie \u00e0 pleines dents, est atteint d\u2019une maladie g\u00e9n\u00e9tique rare et complexe. <\/strong><\/p>\n\n\n\n<p>A l\u2019\u00e2ge de 5 ans, le diagnostic tombe : c\u2019est la maladie de Fanconi. Les m\u00e9decins annoncent \u00e0 ses parents que <strong>les personnes atteintes de cette maladie ne d\u00e9passent g\u00e9n\u00e9ralement pas l\u2019adolescence.<\/strong><\/p>\n\n\n\n<p><strong>Christophe a d\u00e9fi\u00e9 les statistiques<\/strong> puisqu\u2019il est d\u00e9sormais trentenaire. Christophe sait combien la vie est courte, parfois grave, et belle aussi. <strong>La menace r\u00e9elle de la mort aurait pu emp\u00eacher Christophe de vivre. <\/strong>Ce n\u2019est pas ce qui s\u2019est pass\u00e9.<\/p>\n\n\n\n<p>Christophe nous invite, par son parcours et \u00e0 travers sa joie p\u00e9tillante d\u2019\u00eatre vivant, \u00e0 <strong>veiller \u00e0 cheminer dans notre vie avec lucidit\u00e9, responsabilit\u00e9, profondeur, \u00e9paisseur et joie.<\/strong><\/p>\n\n\n\n<p>Si cet \u00e9pisode vous pla\u00eet et que vous voulez faire partie de cette aventure audio, je vous invite \u00e0 vous abonner \u00e0 la <a href=\"http:\/\/orianesavourelucas.com\/avezvouschoisi\/\">newsletter <\/a>de <em>Avez-vous choisi ?<\/em> afin d\u2019\u00eatre alert\u00e9.e d\u00e8s la publication d\u2019un nouvel \u00e9pisode.<\/p>\n\n\n\n<p> N\u2019h\u00e9sitez pas \u00e0 d\u00e9poser un avis sur le <a href=\"http:\/\/orianesavourelucas.com\/avezvouschoisi\/episodes\/\">site<\/a>, une constellation de 5 \u00e9toiles sur <a href=\"https:\/\/itunes.apple.com\/fr\/podcast\/avez-vous-choisi\/id1438200424?l=fr\" target=\"_blank\" rel=\"noopener\">ITunes<\/a> ou encore \u00e0 <strong>faire conna\u00eetre<em> Avez-vous choisi ?<\/em> \u00e0 celles et ceux qui vous sont chers et que l\u2019id\u00e9e de tout choisir dans leur vie pourrait r\u00e9jouir !<\/strong> <\/p>\n\n\n\n<p>Bonne \u00e9coute&nbsp;!<\/p>\n\n\n\n<div class=\"wp-block-image\"><figure class=\"aligncenter size-large is-resized\"><img loading=\"lazy\" decoding=\"async\" src=\"https:\/\/orianesavourelucas.com\/avezvouschoisi\/wp-content\/uploads\/2020\/04\/episode72-1024x1024.jpg\" alt=\"Conversation avec Christophe Bichet - Choisir de s\u2019accrocher \u00e0 l\u2019essentiel - (\u00e9pisode 72)\" class=\"wp-image-1499\" width=\"512\" height=\"512\" srcset=\"https:\/\/orianesavourelucas.com\/avezvouschoisi\/wp-content\/uploads\/2020\/04\/episode72-1024x1024.jpg 1024w, https:\/\/orianesavourelucas.com\/avezvouschoisi\/wp-content\/uploads\/2020\/04\/episode72-300x300.jpg 300w, https:\/\/orianesavourelucas.com\/avezvouschoisi\/wp-content\/uploads\/2020\/04\/episode72-150x150.jpg 150w, https:\/\/orianesavourelucas.com\/avezvouschoisi\/wp-content\/uploads\/2020\/04\/episode72-768x768.jpg 768w, https:\/\/orianesavourelucas.com\/avezvouschoisi\/wp-content\/uploads\/2020\/04\/episode72.jpg 1200w\" sizes=\"auto, (max-width: 512px) 100vw, 512px\" \/><figcaption>Conversation avec Christophe Bichet &#8211; Choisir de s\u2019accrocher \u00e0 l\u2019essentiel &#8211; (\u00e9pisode 72)<\/figcaption><\/figure><\/div>\n\n\n\n<p><\/p>\n\t\t\t\t\n\t\t\t<div class=\"podlove_cc_license\">\n    <p>\n\t\t\t\t-\n\t\t\t\t<\/p>\t\t\t\n\t\t\t<p>\n\t\t\t\tLes \u00e9pisodes du podcast sont mis \u00e0 disposition selon les termes de la Licence suivante :\n\t\t\t\t<\/p>\n\t\t\t\t<p>\n\t\t\t\t<a rel=\"license noopener\" href=\"http:\/\/creativecommons.org\/licenses\/by-nc-nd\/4.0\" target=\"_blank\">Creative Commons Attribution - Pas d'Utilisation Commerciale - Pas de Modification 4.0 International.<\/a>\n\t\t\t<\/p>\n\t\t<\/div>\n\t","protected":false},"author":3,"featured_media":1499,"comment_status":"open","ping_status":"open","template":"","meta":{"footnotes":""},"tags":[],"class_list":["post-1500","podcast","type-podcast","status-publish","has-post-thumbnail","hentry","post"],"_links":{"self":[{"href":"https:\/\/orianesavourelucas.com\/avezvouschoisi\/wp-json\/wp\/v2\/episodes\/1500","targetHints":{"allow":["GET"]}}],"collection":[{"href":"https:\/\/orianesavourelucas.com\/avezvouschoisi\/wp-json\/wp\/v2\/episodes"}],"about":[{"href":"https:\/\/orianesavourelucas.com\/avezvouschoisi\/wp-json\/wp\/v2\/types\/podcast"}],"author":[{"embeddable":true,"href":"https:\/\/orianesavourelucas.com\/avezvouschoisi\/wp-json\/wp\/v2\/users\/3"}],"replies":[{"embeddable":true,"href":"https:\/\/orianesavourelucas.com\/avezvouschoisi\/wp-json\/wp\/v2\/comments?post=1500"}],"version-history":[{"count":3,"href":"https:\/\/orianesavourelucas.com\/avezvouschoisi\/wp-json\/wp\/v2\/episodes\/1500\/revisions"}],"predecessor-version":[{"id":1729,"href":"https:\/\/orianesavourelucas.com\/avezvouschoisi\/wp-json\/wp\/v2\/episodes\/1500\/revisions\/1729"}],"wp:featuredmedia":[{"embeddable":true,"href":"https:\/\/orianesavourelucas.com\/avezvouschoisi\/wp-json\/wp\/v2\/media\/1499"}],"wp:attachment":[{"href":"https:\/\/orianesavourelucas.com\/avezvouschoisi\/wp-json\/wp\/v2\/media?parent=1500"}],"wp:term":[{"taxonomy":"post_tag","embeddable":true,"href":"https:\/\/orianesavourelucas.com\/avezvouschoisi\/wp-json\/wp\/v2\/tags?post=1500"}],"curies":[{"name":"wp","href":"https:\/\/api.w.org\/{rel}","templated":true}]}}

Episode 72 | Conversation avec Christophe Bichet | Choisir de s’accrocher à l’essentiel

<script class="podigee-podcast-player" src="//cdn.podigee.com/podcast-player/javascripts/podigee-podcast-player.js" data-configuration="https://orianesavourelucas.com/avezvouschoisi/?podigee_player=162"></script>
	
		

<p>Dans cet épisode, je vous propose une conversation avec <strong>Christophe Bichet</strong>, conférencier, coach de vie, et hypnothérapeute. Avant d’exercer ces activités, Christophe a été grimpeur professionnel et enseignant-formateur pendant quinze ans au niveau international.</p>



<p>Christophe, <strong>ce trentenaire souriant qui a déjà eu plusieurs vies et qui croque la vie à pleines dents, est atteint d’une maladie génétique rare et complexe. </strong></p>



<p>A l’âge de 5 ans, le diagnostic tombe : c’est la maladie de Fanconi. Les médecins annoncent à ses parents que <strong>les personnes atteintes de cette maladie ne dépassent généralement pas l’adolescence.</strong></p>



<p><strong>Christophe a défié les statistiques</strong> puisqu’il est désormais trentenaire. Christophe sait combien la vie est courte, parfois grave, et belle aussi. <strong>La menace réelle de la mort aurait pu empêcher Christophe de vivre. </strong>Ce n’est pas ce qui s’est passé.</p>



<p>Christophe nous invite, par son parcours et à travers sa joie pétillante d’être vivant, à <strong>veiller à cheminer dans notre vie avec lucidité, responsabilité, profondeur, épaisseur et joie.</strong></p>



<p>Si cet épisode vous plaît et que vous voulez faire partie de cette aventure audio, je vous invite à vous abonner à la <a href="http://orianesavourelucas.com/avezvouschoisi/">newsletter </a>de <em>Avez-vous choisi ?</em> afin d’être alerté.e dès la publication d’un nouvel épisode.</p>



<p> N’hésitez pas à déposer un avis sur le <a href="http://orianesavourelucas.com/avezvouschoisi/episodes/">site</a>, une constellation de 5 étoiles sur <a href="https://itunes.apple.com/fr/podcast/avez-vous-choisi/id1438200424?l=fr" target="_blank" rel="noopener">ITunes</a> ou encore à <strong>faire connaître<em> Avez-vous choisi ?</em> à celles et ceux qui vous sont chers et que l’idée de tout choisir dans leur vie pourrait réjouir !</strong> </p>



<p>Bonne écoute&nbsp;!</p>



<div class="wp-block-image"><figure class="aligncenter size-large is-resized"><img loading="lazy" decoding="async" src="https://orianesavourelucas.com/avezvouschoisi/wp-content/uploads/2020/04/episode72-1024x1024.jpg" alt="Conversation avec Christophe Bichet - Choisir de s’accrocher à l’essentiel - (épisode 72)" class="wp-image-1499" width="512" height="512" srcset="https://orianesavourelucas.com/avezvouschoisi/wp-content/uploads/2020/04/episode72-1024x1024.jpg 1024w, https://orianesavourelucas.com/avezvouschoisi/wp-content/uploads/2020/04/episode72-300x300.jpg 300w, https://orianesavourelucas.com/avezvouschoisi/wp-content/uploads/2020/04/episode72-150x150.jpg 150w, https://orianesavourelucas.com/avezvouschoisi/wp-content/uploads/2020/04/episode72-768x768.jpg 768w, https://orianesavourelucas.com/avezvouschoisi/wp-content/uploads/2020/04/episode72.jpg 1200w" sizes="auto, (max-width: 512px) 100vw, 512px" /><figcaption>Conversation avec Christophe Bichet &#8211; Choisir de s’accrocher à l’essentiel &#8211; (épisode 72)</figcaption></figure></div>



<p></p>
				
			<div class="podlove_cc_license">
    <p>
				-
				</p>			
			<p>
				Les épisodes du podcast sont mis à disposition selon les termes de la Licence suivante :
				</p>
				<p>
				<a rel="license noopener" href="http://creativecommons.org/licenses/by-nc-nd/4.0" target="_blank">Creative Commons Attribution - Pas d'Utilisation Commerciale - Pas de Modification 4.0 International.</a>
			</p>
		</div>
