{"id":3035,"date":"2021-05-28T07:30:00","date_gmt":"2021-05-28T05:30:00","guid":{"rendered":"podlove-2021-05-27t19:11:33+00:00-3790d7229940548"},"modified":"2021-05-27T21:48:15","modified_gmt":"2021-05-27T19:48:15","slug":"episode-122-la-conversation-avec-sandra-meunier-faire-le-choix-de-la-joie","status":"publish","type":"podcast","link":"https:\/\/orianesavourelucas.com\/avezvouschoisi\/2021\/05\/28\/episode-122-la-conversation-avec-sandra-meunier-faire-le-choix-de-la-joie\/","title":{"rendered":"Episode 122 | La Conversation avec Sandra Meunier | Faire le choix de la joie"},"content":{"rendered":"\n\t\t<script class=\"podigee-podcast-player\" src=\"\/\/cdn.podigee.com\/podcast-player\/javascripts\/podigee-podcast-player.js\" data-configuration=\"https:\/\/orianesavourelucas.com\/avezvouschoisi\/?podigee_player=215\"><\/script>\n\t\n\t\t\n\n<p><strong>Sandra Meunier est&nbsp;art-th\u00e9rapeute, cr\u00e9atrice de joie et Neztoile.<\/strong><\/p>\n\n\n\n<p>Une Neztoile est <strong>un personnage fantastique d\u2019une beaut\u00e9 \u00e9trange et lumineuse <\/strong>qui aide les grands malades \u00e0 quitter pour quelques temps l&rsquo;obscurit\u00e9 de leurs angoisses, \u00e0 <strong>voir la vie de plus haut et \u00e0 vivre des instants de joie, de l\u00e9g\u00e8ret\u00e9 et de paix.<\/strong><\/p>\n\n\n\n<p>Parce que la maladie renferme les malades, <strong>Sandra a choisi, forte de son parcours et de sa sensibilit\u00e9 \u00e0 l\u2019Art et \u00e0 l\u2019Autre,<\/strong> d\u2019intervenir \u00e0 l\u2019h\u00f4pital pour <strong>apaiser et amener de la Joie dans des moments de d\u00e9tresse ou de souffrance.<\/strong><\/p>\n\n\n\n<p>Pour cela, <strong>Sandra fait intervenir son personnage Anabelle, <\/strong>une elfe-clown et elle forme \u00e9galement d&rsquo;autres Neztoiles.<\/p>\n\n\n\n<p><strong>Au cours de notre conversation, Sandra et moi parlons, entre autres :<\/strong><\/p>\n\n\n\n<ul class=\"wp-block-list\"><li>De la vie, de la mort, du <strong>choix de sortir du drame <\/strong>et du <strong>choix de la joie<\/strong><\/li><li>Du <strong>pouvoir lumineux de la beaut\u00e9, du merveilleux et de la gr\u00e2ce<\/strong><\/li><li>Ou encore d\u2019espace et d\u2019univers, de rencontre et de tout ce qui nous transforme<\/li><\/ul>\n\n\n\n<div class=\"wp-block-image is-style-default\"><figure class=\"aligncenter size-large is-resized\"><img loading=\"lazy\" decoding=\"async\" src=\"https:\/\/orianesavourelucas.com\/avezvouschoisi\/wp-content\/uploads\/2021\/05\/episode122-1024x1024.jpg\" alt=\"La Conversation avec Sandra Meunier | Faire le choix de la joie (\u00c9pisode 122)\" class=\"wp-image-3034\" width=\"512\" height=\"512\" srcset=\"https:\/\/orianesavourelucas.com\/avezvouschoisi\/wp-content\/uploads\/2021\/05\/episode122-1024x1024.jpg 1024w, https:\/\/orianesavourelucas.com\/avezvouschoisi\/wp-content\/uploads\/2021\/05\/episode122-300x300.jpg 300w, https:\/\/orianesavourelucas.com\/avezvouschoisi\/wp-content\/uploads\/2021\/05\/episode122-150x150.jpg 150w, https:\/\/orianesavourelucas.com\/avezvouschoisi\/wp-content\/uploads\/2021\/05\/episode122-768x768.jpg 768w, https:\/\/orianesavourelucas.com\/avezvouschoisi\/wp-content\/uploads\/2021\/05\/episode122.jpg 1200w\" sizes=\"auto, (max-width: 512px) 100vw, 512px\" \/><figcaption>La Conversation avec Sandra Meunier | Faire le choix de la joie (\u00c9pisode 122)<\/figcaption><\/figure><\/div>\n\n\n\n<p>Si cet \u00e9pisode vous pla\u00eet et que vous voulez faire partie de cette aventure audio, <strong>abonnez-vous \u00e0 la <a href=\"https:\/\/orianesavourelucas.com\/avezvouschoisi\/newsletter\">newsletter <\/a><\/strong>de <em>Avez-vous choisi ? <\/em>afin d\u2019\u00eatre alert\u00e9.e d\u00e8s la publication d\u2019un nouvel \u00e9pisode et recevoir<strong><em> La Graine de la Semaine<\/em><\/strong>, par mail, chaque lundi.<\/p>\n\n\n\n<p>N\u2019h\u00e9sitez pas \u00e0 d\u00e9poser un avis sur la plateforme de podcasts de votre choix, ou sur cette page, une constellation de 5 \u00e9toiles sur <a href=\"https:\/\/itunes.apple.com\/fr\/podcast\/avez-vous-choisi\/id1438200424?l=fr\" target=\"_blank\" rel=\"noreferrer noopener\">ITunes<\/a> ou encore \u00e0 <strong>faire conna\u00eetre<em> Avez-vous choisi ?<\/em> \u00e0 celles et ceux qui vous sont chers et que l\u2019id\u00e9e de tout choisir dans leur vie pourrait r\u00e9jouir !<\/strong><\/p>\n\n\n\n<p>Bonne \u00e9coute !<\/p>\n\t\t\t\t\n\t\t\t<div class=\"podlove_cc_license\">\n    <p>\n\t\t\t\t-\n\t\t\t\t<\/p>\t\t\t\n\t\t\t<p>\n\t\t\t\tLes \u00e9pisodes du podcast sont mis \u00e0 disposition selon les termes de la Licence suivante :\n\t\t\t\t<\/p>\n\t\t\t\t<p>\n\t\t\t\t<a rel=\"license noopener\" href=\"http:\/\/creativecommons.org\/licenses\/by-nc-nd\/4.0\" target=\"_blank\">Creative Commons Attribution - Pas d'Utilisation Commerciale - Pas de Modification 4.0 International.<\/a>\n\t\t\t<\/p>\n\t\t<\/div>\n\t","protected":false},"author":3,"featured_media":3034,"comment_status":"open","ping_status":"open","template":"","meta":{"footnotes":""},"tags":[],"class_list":["post-3035","podcast","type-podcast","status-publish","has-post-thumbnail","hentry","post"],"_links":{"self":[{"href":"https:\/\/orianesavourelucas.com\/avezvouschoisi\/wp-json\/wp\/v2\/episodes\/3035","targetHints":{"allow":["GET"]}}],"collection":[{"href":"https:\/\/orianesavourelucas.com\/avezvouschoisi\/wp-json\/wp\/v2\/episodes"}],"about":[{"href":"https:\/\/orianesavourelucas.com\/avezvouschoisi\/wp-json\/wp\/v2\/types\/podcast"}],"author":[{"embeddable":true,"href":"https:\/\/orianesavourelucas.com\/avezvouschoisi\/wp-json\/wp\/v2\/users\/3"}],"replies":[{"embeddable":true,"href":"https:\/\/orianesavourelucas.com\/avezvouschoisi\/wp-json\/wp\/v2\/comments?post=3035"}],"version-history":[{"count":2,"href":"https:\/\/orianesavourelucas.com\/avezvouschoisi\/wp-json\/wp\/v2\/episodes\/3035\/revisions"}],"predecessor-version":[{"id":3037,"href":"https:\/\/orianesavourelucas.com\/avezvouschoisi\/wp-json\/wp\/v2\/episodes\/3035\/revisions\/3037"}],"wp:featuredmedia":[{"embeddable":true,"href":"https:\/\/orianesavourelucas.com\/avezvouschoisi\/wp-json\/wp\/v2\/media\/3034"}],"wp:attachment":[{"href":"https:\/\/orianesavourelucas.com\/avezvouschoisi\/wp-json\/wp\/v2\/media?parent=3035"}],"wp:term":[{"taxonomy":"post_tag","embeddable":true,"href":"https:\/\/orianesavourelucas.com\/avezvouschoisi\/wp-json\/wp\/v2\/tags?post=3035"}],"curies":[{"name":"wp","href":"https:\/\/api.w.org\/{rel}","templated":true}]}}

<script class="podigee-podcast-player" src="//cdn.podigee.com/podcast-player/javascripts/podigee-podcast-player.js" data-configuration="https://orianesavourelucas.com/avezvouschoisi/?podigee_player=215"></script>
	
		

<p><strong>Sandra Meunier est&nbsp;art-thérapeute, créatrice de joie et Neztoile.</strong></p>



<p>Une Neztoile est <strong>un personnage fantastique d’une beauté étrange et lumineuse </strong>qui aide les grands malades à quitter pour quelques temps l&rsquo;obscurité de leurs angoisses, à <strong>voir la vie de plus haut et à vivre des instants de joie, de légèreté et de paix.</strong></p>



<p>Parce que la maladie renferme les malades, <strong>Sandra a choisi, forte de son parcours et de sa sensibilité à l’Art et à l’Autre,</strong> d’intervenir à l’hôpital pour <strong>apaiser et amener de la Joie dans des moments de détresse ou de souffrance.</strong></p>



<p>Pour cela, <strong>Sandra fait intervenir son personnage Anabelle, </strong>une elfe-clown et elle forme également d&rsquo;autres Neztoiles.</p>



<p><strong>Au cours de notre conversation, Sandra et moi parlons, entre autres :</strong></p>



<ul class="wp-block-list"><li>De la vie, de la mort, du <strong>choix de sortir du drame </strong>et du <strong>choix de la joie</strong></li><li>Du <strong>pouvoir lumineux de la beauté, du merveilleux et de la grâce</strong></li><li>Ou encore d’espace et d’univers, de rencontre et de tout ce qui nous transforme</li></ul>



<div class="wp-block-image is-style-default"><figure class="aligncenter size-large is-resized"><img loading="lazy" decoding="async" src="https://orianesavourelucas.com/avezvouschoisi/wp-content/uploads/2021/05/episode122-1024x1024.jpg" alt="La Conversation avec Sandra Meunier | Faire le choix de la joie (Épisode 122)" class="wp-image-3034" width="512" height="512" srcset="https://orianesavourelucas.com/avezvouschoisi/wp-content/uploads/2021/05/episode122-1024x1024.jpg 1024w, https://orianesavourelucas.com/avezvouschoisi/wp-content/uploads/2021/05/episode122-300x300.jpg 300w, https://orianesavourelucas.com/avezvouschoisi/wp-content/uploads/2021/05/episode122-150x150.jpg 150w, https://orianesavourelucas.com/avezvouschoisi/wp-content/uploads/2021/05/episode122-768x768.jpg 768w, https://orianesavourelucas.com/avezvouschoisi/wp-content/uploads/2021/05/episode122.jpg 1200w" sizes="auto, (max-width: 512px) 100vw, 512px" /><figcaption>La Conversation avec Sandra Meunier | Faire le choix de la joie (Épisode 122)</figcaption></figure></div>



<p>Si cet épisode vous plaît et que vous voulez faire partie de cette aventure audio, <strong>abonnez-vous à la <a href="https://orianesavourelucas.com/avezvouschoisi/newsletter">newsletter </a></strong>de <em>Avez-vous choisi ? </em>afin d’être alerté.e dès la publication d’un nouvel épisode et recevoir<strong><em> La Graine de la Semaine</em></strong>, par mail, chaque lundi.</p>



<p>N’hésitez pas à déposer un avis sur la plateforme de podcasts de votre choix, ou sur cette page, une constellation de 5 étoiles sur <a href="https://itunes.apple.com/fr/podcast/avez-vous-choisi/id1438200424?l=fr" target="_blank" rel="noreferrer noopener">ITunes</a> ou encore à <strong>faire connaître<em> Avez-vous choisi ?</em> à celles et ceux qui vous sont chers et que l’idée de tout choisir dans leur vie pourrait réjouir !</strong></p>



<p>Bonne écoute !</p>
				
			<div class="podlove_cc_license">
    <p>
				-
				</p>			
			<p>
				Les épisodes du podcast sont mis à disposition selon les termes de la Licence suivante :
				</p>
				<p>
				<a rel="license noopener" href="http://creativecommons.org/licenses/by-nc-nd/4.0" target="_blank">Creative Commons Attribution - Pas d'Utilisation Commerciale - Pas de Modification 4.0 International.</a>
			</p>
		</div>
