{"id":3600,"date":"2023-05-22T07:30:00","date_gmt":"2023-05-22T05:30:00","guid":{"rendered":"podlove-2023-05-16t21:26:44+00:00-df84a1d30783a0f"},"modified":"2023-05-22T08:16:19","modified_gmt":"2023-05-22T06:16:19","slug":"harmoniser-ses-fausses-notes-la-conversation-avec-marc-vella-episode-153","status":"publish","type":"podcast","link":"https:\/\/orianesavourelucas.com\/avezvouschoisi\/2023\/05\/22\/harmoniser-ses-fausses-notes-la-conversation-avec-marc-vella-episode-153\/","title":{"rendered":"Harmoniser ses fausses notes | La Conversation avec Marc Vella"},"content":{"rendered":"\n\t\t<script class=\"podigee-podcast-player\" src=\"\/\/cdn.podigee.com\/podcast-player\/javascripts\/podigee-podcast-player.js\" data-configuration=\"https:\/\/orianesavourelucas.com\/avezvouschoisi\/?podigee_player=247\"><\/script>\n\t\n\t\t\n\n<p><strong>Et si nous choisissions de rendre belles les fausses notes de la vie&nbsp;?<\/strong><\/p>\n\n\n\n<p>C\u2019est la proposition que nous fait <strong>Marc Vella<\/strong>.<\/p>\n\n\n\n<p>J\u2019ai rencontr\u00e9 Marc Vella en octobre 2022 autour d\u2019un piano \u00e0 queue au <strong>ch\u00e2teau de la Flocelli\u00e8re<\/strong>, en Vend\u00e9e. D\u2019abord lors d\u2019une de ses conf\u00e9rences-concerts, puis le lendemain, \u00e0 nouveau, lors de la premi\u00e8re journ\u00e9e d\u2019un stage de deux jours sur l\u2019\u00e9loge de la fausse note organis\u00e9 pour un petit groupe de participants que j\u2019ai eu la joie d\u2019\u00eatre invit\u00e9e \u00e0 rejoindre. Apr\u00e8s cette journ\u00e9e travers\u00e9e aux c\u00f4t\u00e9s de Sandrine, Josette, Jean-Michel, Juliane, \u2026 \u00e0 explorer le piano et la vie des fausses notes, celles sur le clavier et celles de la vie, j\u2019ai eu le plaisir d\u2019interviewer Marc.<\/p>\n\n\n\n<p><strong>Pianiste virtuose, Marc Vella, a travers\u00e9 son enfance difficile puis le monde gr\u00e2ce au piano qui, apr\u00e8s avoir \u00e9t\u00e9 un refuge est devenu une porte ouverte sur le monde. <\/strong>Marc a parcouru plus de 50 pays en 40 ans avec son piano \u00e0 queue <strong>sans jamais l\u00e2cher le fil de la Merveille, si cher \u00e0 Christiane Singer.<\/strong><\/p>\n\n\n\n<p>Fondateur de <strong>l\u2019\u00e9cole de la fausse note<\/strong> et auteur, entre autres, de <strong>l\u2019\u00c9loge de la fausse note<\/strong>, Marc nous invite par le piano \u00e0 nous lib\u00e9rer de tout ce qui nous plaque au sol. Face au clavier et sous le regard bienveillant de Marc, les musiciens d\u00e9butants improvisent peu \u00e0 peu au piano, \u00e0 leur grande surprise, et les musiciens aguerris gagnent enfin en libert\u00e9 d\u2019expression. Des moments de gr\u00e2ce et de magie. En explorant le chemin qui permet d\u2019accueillir et d\u2019harmoniser les fausses notes sur le clavier, Marc facilite le jaillissement de l\u2019audace, de la po\u00e9sie, de la beaut\u00e9, de la gr\u00e2ce, et de la joie de l\u2019expression de soi.<\/p>\n\n\n\n<p><strong>Et si nous changions de regard sur les fausses notes, tant redout\u00e9es, pour les accueillir pleinement et se saisir de leur force cr\u00e9atrice&nbsp;?<\/strong><\/p>\n\n\n\n<p>Au cours de cette conversation, Marc et moi parlons entre autres&nbsp;:<\/p>\n\n\n\n<ul class=\"wp-block-list\">\n<li>de fausses notes, en musique et dans la vie, de celles qu\u2019on subit, de celles qu\u2019on produit, et de ce qu\u2019on en fait<\/li>\n\n\n\n<li>De dissonances, d\u2019harmonisation et de justesse<\/li>\n\n\n\n<li>De pr\u00e9sence, de silence et de r\u00e9sonance,&nbsp;<\/li>\n\n\n\n<li>Du poids des \u00ab&nbsp;peut mieux faire&nbsp;\u00bb, de la posture de bon \u00e9l\u00e8ve et de celle du ma\u00eetre,<\/li>\n\n\n\n<li>du choix de quitter les sentiers battus, de libert\u00e9, d\u2019audace<\/li>\n\n\n\n<li>d\u2019aventure, de projet fou, du pouvoir des rencontres, \u2026<\/li>\n\n\n\n<li>ou encore du choix de dire Oui, de s\u2019\u00e9merveiller, de rendre gr\u00e2ce et de cr\u00e9er l\u2019extraordinaire au c\u0153ur de l\u2019ordinaire<\/li>\n<\/ul>\n\n\n\n<p><strong>Par\u00e9.e.s pour un voyage au c\u0153ur du piano et de la vie&nbsp;?<\/strong><\/p>\n\n\n\n<p>Bonne \u00e9coute&nbsp;!<\/p>\n\t\t\t\t\n\t\t\t<div class=\"podlove_cc_license\">\n    <p>\n\t\t\t\t-\n\t\t\t\t<\/p>\t\t\t\n\t\t\t<p>\n\t\t\t\tLes \u00e9pisodes du podcast sont mis \u00e0 disposition selon les termes de la Licence suivante :\n\t\t\t\t<\/p>\n\t\t\t\t<p>\n\t\t\t\t<a rel=\"license noopener\" href=\"http:\/\/creativecommons.org\/licenses\/by-nc-nd\/4.0\" target=\"_blank\">Creative Commons Attribution - Pas d'Utilisation Commerciale - Pas de Modification 4.0 International.<\/a>\n\t\t\t<\/p>\n\t\t<\/div>\n\t","protected":false},"author":3,"featured_media":3601,"comment_status":"open","ping_status":"open","template":"","meta":{"footnotes":""},"tags":[],"class_list":["post-3600","podcast","type-podcast","status-publish","has-post-thumbnail","hentry","post"],"_links":{"self":[{"href":"https:\/\/orianesavourelucas.com\/avezvouschoisi\/wp-json\/wp\/v2\/episodes\/3600","targetHints":{"allow":["GET"]}}],"collection":[{"href":"https:\/\/orianesavourelucas.com\/avezvouschoisi\/wp-json\/wp\/v2\/episodes"}],"about":[{"href":"https:\/\/orianesavourelucas.com\/avezvouschoisi\/wp-json\/wp\/v2\/types\/podcast"}],"author":[{"embeddable":true,"href":"https:\/\/orianesavourelucas.com\/avezvouschoisi\/wp-json\/wp\/v2\/users\/3"}],"replies":[{"embeddable":true,"href":"https:\/\/orianesavourelucas.com\/avezvouschoisi\/wp-json\/wp\/v2\/comments?post=3600"}],"version-history":[{"count":4,"href":"https:\/\/orianesavourelucas.com\/avezvouschoisi\/wp-json\/wp\/v2\/episodes\/3600\/revisions"}],"predecessor-version":[{"id":3608,"href":"https:\/\/orianesavourelucas.com\/avezvouschoisi\/wp-json\/wp\/v2\/episodes\/3600\/revisions\/3608"}],"wp:featuredmedia":[{"embeddable":true,"href":"https:\/\/orianesavourelucas.com\/avezvouschoisi\/wp-json\/wp\/v2\/media\/3601"}],"wp:attachment":[{"href":"https:\/\/orianesavourelucas.com\/avezvouschoisi\/wp-json\/wp\/v2\/media?parent=3600"}],"wp:term":[{"taxonomy":"post_tag","embeddable":true,"href":"https:\/\/orianesavourelucas.com\/avezvouschoisi\/wp-json\/wp\/v2\/tags?post=3600"}],"curies":[{"name":"wp","href":"https:\/\/api.w.org\/{rel}","templated":true}]}}

<script class="podigee-podcast-player" src="//cdn.podigee.com/podcast-player/javascripts/podigee-podcast-player.js" data-configuration="https://orianesavourelucas.com/avezvouschoisi/?podigee_player=247"></script>
	
		

<p><strong>Et si nous choisissions de rendre belles les fausses notes de la vie&nbsp;?</strong></p>



<p>C’est la proposition que nous fait <strong>Marc Vella</strong>.</p>



<p>J’ai rencontré Marc Vella en octobre 2022 autour d’un piano à queue au <strong>château de la Flocellière</strong>, en Vendée. D’abord lors d’une de ses conférences-concerts, puis le lendemain, à nouveau, lors de la première journée d’un stage de deux jours sur l’éloge de la fausse note organisé pour un petit groupe de participants que j’ai eu la joie d’être invitée à rejoindre. Après cette journée traversée aux côtés de Sandrine, Josette, Jean-Michel, Juliane, … à explorer le piano et la vie des fausses notes, celles sur le clavier et celles de la vie, j’ai eu le plaisir d’interviewer Marc.</p>



<p><strong>Pianiste virtuose, Marc Vella, a traversé son enfance difficile puis le monde grâce au piano qui, après avoir été un refuge est devenu une porte ouverte sur le monde. </strong>Marc a parcouru plus de 50 pays en 40 ans avec son piano à queue <strong>sans jamais lâcher le fil de la Merveille, si cher à Christiane Singer.</strong></p>



<p>Fondateur de <strong>l’école de la fausse note</strong> et auteur, entre autres, de <strong>l’Éloge de la fausse note</strong>, Marc nous invite par le piano à nous libérer de tout ce qui nous plaque au sol. Face au clavier et sous le regard bienveillant de Marc, les musiciens débutants improvisent peu à peu au piano, à leur grande surprise, et les musiciens aguerris gagnent enfin en liberté d’expression. Des moments de grâce et de magie. En explorant le chemin qui permet d’accueillir et d’harmoniser les fausses notes sur le clavier, Marc facilite le jaillissement de l’audace, de la poésie, de la beauté, de la grâce, et de la joie de l’expression de soi.</p>



<p><strong>Et si nous changions de regard sur les fausses notes, tant redoutées, pour les accueillir pleinement et se saisir de leur force créatrice&nbsp;?</strong></p>



<p>Au cours de cette conversation, Marc et moi parlons entre autres&nbsp;:</p>



<ul class="wp-block-list">
<li>de fausses notes, en musique et dans la vie, de celles qu’on subit, de celles qu’on produit, et de ce qu’on en fait</li>



<li>De dissonances, d’harmonisation et de justesse</li>



<li>De présence, de silence et de résonance,&nbsp;</li>



<li>Du poids des «&nbsp;peut mieux faire&nbsp;», de la posture de bon élève et de celle du maître,</li>



<li>du choix de quitter les sentiers battus, de liberté, d’audace</li>



<li>d’aventure, de projet fou, du pouvoir des rencontres, …</li>



<li>ou encore du choix de dire Oui, de s’émerveiller, de rendre grâce et de créer l’extraordinaire au cœur de l’ordinaire</li>
</ul>



<p><strong>Paré.e.s pour un voyage au cœur du piano et de la vie&nbsp;?</strong></p>



<p>Bonne écoute&nbsp;!</p>
				
			<div class="podlove_cc_license">
    <p>
				-
				</p>			
			<p>
				Les épisodes du podcast sont mis à disposition selon les termes de la Licence suivante :
				</p>
				<p>
				<a rel="license noopener" href="http://creativecommons.org/licenses/by-nc-nd/4.0" target="_blank">Creative Commons Attribution - Pas d'Utilisation Commerciale - Pas de Modification 4.0 International.</a>
			</p>
		</div>
