{"id":680,"date":"2019-03-08T07:30:00","date_gmt":"2019-03-08T06:30:00","guid":{"rendered":"podlove-2019-03-07t17:46:58+00:00-a89e62236265c0a"},"modified":"2020-03-27T17:39:54","modified_gmt":"2020-03-27T16:39:54","slug":"episode-20-conversation-avec-christophe-le-choix-de-la-musique","status":"publish","type":"podcast","link":"https:\/\/orianesavourelucas.com\/avezvouschoisi\/2019\/03\/08\/episode-20-conversation-avec-christophe-le-choix-de-la-musique\/","title":{"rendered":"\u00c9pisode 20 | Conversation avec Christophe Mandin | Le choix de la musique"},"content":{"rendered":"\n\t\t<script class=\"podigee-podcast-player\" src=\"\/\/cdn.podigee.com\/podcast-player\/javascripts\/podigee-podcast-player.js\" data-configuration=\"https:\/\/orianesavourelucas.com\/avezvouschoisi\/?podigee_player=106\"><\/script>\n\t\n\t\t\n\n<p>Dans cet \u00e9pisode, je vous propose de faire la connaissance de <strong>Christophe, mon ami guitariste <\/strong>qui propose des <strong>ateliers musicaux <\/strong>dans lesquels<strong> il invite les musiciens, petits ou grands, d\u00e9butants ou confirm\u00e9s, \u00e0 se mettre en lien et en joie gr\u00e2ce \u00e0 la musique.<\/strong><\/p>\n\n\n\n<p><strong>A 16 ans, quand Christophe fermait les yeux, il se voyait sur sc\u00e8ne en train de jouer de la guitare.<\/strong> Et c&rsquo;est ce qu&rsquo;il r\u00e9alise depuis que ce r\u00eave a pris forme &#8211; un r\u00eave qui n&rsquo;a jamais \u00e9t\u00e9 guid\u00e9 par l&rsquo;envie de devenir c\u00e9l\u00e8bre mais par celle de jouer avec et pour les autres. <\/p>\n\n\n\n<p>Christophe, c&rsquo;est <strong>un musicien passionn\u00e9 au parcours atypique <\/strong>qui cumule une trentaine d&rsquo;ann\u00e9es de concerts un peu partout et au sein de plusieurs groupes de musique amateurs. Il a appris la musique au gr\u00e9 des <strong>rencontres humaines et musicales <\/strong>et gr\u00e2ce \u00e0 sa<strong> curiosit\u00e9 <\/strong>et \u00e0 son <strong>insatiable envie de d\u00e9couvrir, d&rsquo;apprendre et de comprendre<\/strong>. <\/p>\n\n\n\n<p>Et il y a 7 ans, il a <strong>choisi de devenir, selon ses propres termes, un \u00ab\u00a0amateur professionnel\u00a0\u00bb de la musique.<\/strong><\/p>\n\n\n\n<p>Vous trouverez toutes les informations sur <strong>Christophe et ses ateliers musicaux <\/strong>sur le site <a href=\"http:\/\/www.mandinmusicmix.fr\" target=\"_blank\" rel=\"noopener\">www.mandinmusicmix.fr<\/a>.  <\/p>\n\n\n\n<p>Bonne \u00e9coute&nbsp;! <\/p>\n\n\n\n<div class=\"wp-block-image\"><figure class=\"aligncenter is-resized\"><img loading=\"lazy\" decoding=\"async\" src=\"http:\/\/orianesavourelucas.com\/avezvouschoisi\/wp-content\/uploads\/2019\/03\/episode20-1024x1024.jpg\" alt=\"Avez-vous choisi ? Conversation avec Christophe - Le choix de la musique (\u00e9pisode 20)\" class=\"wp-image-682\" width=\"512\" height=\"512\" srcset=\"https:\/\/orianesavourelucas.com\/avezvouschoisi\/wp-content\/uploads\/2019\/03\/episode20-1024x1024.jpg 1024w, https:\/\/orianesavourelucas.com\/avezvouschoisi\/wp-content\/uploads\/2019\/03\/episode20-300x300.jpg 300w, https:\/\/orianesavourelucas.com\/avezvouschoisi\/wp-content\/uploads\/2019\/03\/episode20-150x150.jpg 150w, https:\/\/orianesavourelucas.com\/avezvouschoisi\/wp-content\/uploads\/2019\/03\/episode20-768x768.jpg 768w, https:\/\/orianesavourelucas.com\/avezvouschoisi\/wp-content\/uploads\/2019\/03\/episode20.jpg 1200w\" sizes=\"auto, (max-width: 512px) 100vw, 512px\" \/><figcaption>Avez-vous choisi ? Conversation avec Christophe &#8211; Le choix de la musique (\u00e9pisode 20)<\/figcaption><\/figure><\/div>\n\t\t\t\t\n\t\t\t<div class=\"podlove_cc_license\">\n    <p>\n\t\t\t\t-\n\t\t\t\t<\/p>\t\t\t\n\t\t\t<p>\n\t\t\t\tLes \u00e9pisodes du podcast sont mis \u00e0 disposition selon les termes de la Licence suivante :\n\t\t\t\t<\/p>\n\t\t\t\t<p>\n\t\t\t\t<a rel=\"license noopener\" href=\"http:\/\/creativecommons.org\/licenses\/by-nc-nd\/4.0\" target=\"_blank\">Creative Commons Attribution - Pas d'Utilisation Commerciale - Pas de Modification 4.0 International.<\/a>\n\t\t\t<\/p>\n\t\t<\/div>\n\t","protected":false},"author":3,"featured_media":682,"comment_status":"open","ping_status":"open","template":"","meta":{"footnotes":""},"tags":[],"class_list":["post-680","podcast","type-podcast","status-publish","has-post-thumbnail","hentry","post"],"_links":{"self":[{"href":"https:\/\/orianesavourelucas.com\/avezvouschoisi\/wp-json\/wp\/v2\/episodes\/680","targetHints":{"allow":["GET"]}}],"collection":[{"href":"https:\/\/orianesavourelucas.com\/avezvouschoisi\/wp-json\/wp\/v2\/episodes"}],"about":[{"href":"https:\/\/orianesavourelucas.com\/avezvouschoisi\/wp-json\/wp\/v2\/types\/podcast"}],"author":[{"embeddable":true,"href":"https:\/\/orianesavourelucas.com\/avezvouschoisi\/wp-json\/wp\/v2\/users\/3"}],"replies":[{"embeddable":true,"href":"https:\/\/orianesavourelucas.com\/avezvouschoisi\/wp-json\/wp\/v2\/comments?post=680"}],"version-history":[{"count":4,"href":"https:\/\/orianesavourelucas.com\/avezvouschoisi\/wp-json\/wp\/v2\/episodes\/680\/revisions"}],"predecessor-version":[{"id":1359,"href":"https:\/\/orianesavourelucas.com\/avezvouschoisi\/wp-json\/wp\/v2\/episodes\/680\/revisions\/1359"}],"wp:featuredmedia":[{"embeddable":true,"href":"https:\/\/orianesavourelucas.com\/avezvouschoisi\/wp-json\/wp\/v2\/media\/682"}],"wp:attachment":[{"href":"https:\/\/orianesavourelucas.com\/avezvouschoisi\/wp-json\/wp\/v2\/media?parent=680"}],"wp:term":[{"taxonomy":"post_tag","embeddable":true,"href":"https:\/\/orianesavourelucas.com\/avezvouschoisi\/wp-json\/wp\/v2\/tags?post=680"}],"curies":[{"name":"wp","href":"https:\/\/api.w.org\/{rel}","templated":true}]}}

Épisode 20 | Conversation avec Christophe Mandin | Le choix de la musique

<script class="podigee-podcast-player" src="//cdn.podigee.com/podcast-player/javascripts/podigee-podcast-player.js" data-configuration="https://orianesavourelucas.com/avezvouschoisi/?podigee_player=106"></script>
	
		

<p>Dans cet épisode, je vous propose de faire la connaissance de <strong>Christophe, mon ami guitariste </strong>qui propose des <strong>ateliers musicaux </strong>dans lesquels<strong> il invite les musiciens, petits ou grands, débutants ou confirmés, à se mettre en lien et en joie grâce à la musique.</strong></p>



<p><strong>A 16 ans, quand Christophe fermait les yeux, il se voyait sur scène en train de jouer de la guitare.</strong> Et c&rsquo;est ce qu&rsquo;il réalise depuis que ce rêve a pris forme &#8211; un rêve qui n&rsquo;a jamais été guidé par l&rsquo;envie de devenir célèbre mais par celle de jouer avec et pour les autres. </p>



<p>Christophe, c&rsquo;est <strong>un musicien passionné au parcours atypique </strong>qui cumule une trentaine d&rsquo;années de concerts un peu partout et au sein de plusieurs groupes de musique amateurs. Il a appris la musique au gré des <strong>rencontres humaines et musicales </strong>et grâce à sa<strong> curiosité </strong>et à son <strong>insatiable envie de découvrir, d&rsquo;apprendre et de comprendre</strong>. </p>



<p>Et il y a 7 ans, il a <strong>choisi de devenir, selon ses propres termes, un « amateur professionnel » de la musique.</strong></p>



<p>Vous trouverez toutes les informations sur <strong>Christophe et ses ateliers musicaux </strong>sur le site <a href="http://www.mandinmusicmix.fr" target="_blank" rel="noopener">www.mandinmusicmix.fr</a>.  </p>



<p>Bonne écoute&nbsp;! </p>



<div class="wp-block-image"><figure class="aligncenter is-resized"><img loading="lazy" decoding="async" src="http://orianesavourelucas.com/avezvouschoisi/wp-content/uploads/2019/03/episode20-1024x1024.jpg" alt="Avez-vous choisi ? Conversation avec Christophe - Le choix de la musique (épisode 20)" class="wp-image-682" width="512" height="512" srcset="https://orianesavourelucas.com/avezvouschoisi/wp-content/uploads/2019/03/episode20-1024x1024.jpg 1024w, https://orianesavourelucas.com/avezvouschoisi/wp-content/uploads/2019/03/episode20-300x300.jpg 300w, https://orianesavourelucas.com/avezvouschoisi/wp-content/uploads/2019/03/episode20-150x150.jpg 150w, https://orianesavourelucas.com/avezvouschoisi/wp-content/uploads/2019/03/episode20-768x768.jpg 768w, https://orianesavourelucas.com/avezvouschoisi/wp-content/uploads/2019/03/episode20.jpg 1200w" sizes="auto, (max-width: 512px) 100vw, 512px" /><figcaption>Avez-vous choisi ? Conversation avec Christophe &#8211; Le choix de la musique (épisode 20)</figcaption></figure></div>
				
			<div class="podlove_cc_license">
    <p>
				-
				</p>			
			<p>
				Les épisodes du podcast sont mis à disposition selon les termes de la Licence suivante :
				</p>
				<p>
				<a rel="license noopener" href="http://creativecommons.org/licenses/by-nc-nd/4.0" target="_blank">Creative Commons Attribution - Pas d'Utilisation Commerciale - Pas de Modification 4.0 International.</a>
			</p>
		</div>
